24156?
4
What is the greatest common divisor of 141 and 40988653?
47
What is the greatest common factor of 395280 and 4302?
18
Calculate the highest common divisor of 12549 and 112535249.
4183
What is the greatest common factor of 14693526 and 126?
18
Calculate the highest common divisor of 101 and 268557990.
101
Calculate the highest common divisor of 65 and 56677933.
13
What is the greatest common factor of 75065042 and 26?
26
What is the highest common divisor of 28441 and 80647?
7
What is the greatest common factor of 156877 and 55260?
307
What is the highest common factor of 16335 and 88572?
363
Calculate the highest common factor of 355 and 443710.
5
What is the highest common factor of 192 and 109013040?
48
Calculate the greatest common factor of 1072 and 1812886.
134
What is the highest common divisor of 1980 and 649065?
15
What is the highest common factor of 6580 and 51721432?
1316
Calculate the highest common factor of 7908 and 32700.
12
What is the highest common factor of 16585155 and 5022?
2511
Calculate the highest common factor of 27 and 270681.
3
What is the highest common divisor of 2080254 and 96?
6
Calculate the highest common divisor of 804206 and 9906.
26
What is the highest common factor of 2068 and 620224?
44
What is the greatest common factor of 1728735 and 525?
15
What is the greatest common factor of 215404 and 82768?
28
Calculate the highest common divisor of 1620 and 1520330310.
810
Calculate the greatest common divisor of 352 and 24090912.
32
Calculate the greatest common factor of 708971 and 843186.
1579
Calculate the highest common factor of 4407828 and 697.
697
What is the greatest common factor of 62769 and 822219?
183
Calculate the highest common factor of 576810 and 9165.
195
Calculate the highest common divisor of 2575 and 139225.
25
Calculate the greatest common factor of 10470 and 143067315.
5235
What is the highest common factor of 11955 and 69975?
15
Calculate the highest common divisor of 1218 and 158135782.
406
What is the highest common divisor of 298060609 and 1309?
1309
Calculate the greatest common factor of 32445 and 97792835.
3605
Calculate the highest common factor of 54 and 18754304.
2
Calculate the greatest common divisor of 58687866 and 11844.
846
Calculate the greatest common divisor of 15038801 and 24751.
467
Calculate the highest common divisor of 274109771 and 4534.
2267
What is the highest common divisor of 537700 and 233700?
1900
Calculate the greatest common divisor of 512 and 17930824.
8
Calculate the highest common divisor of 1663596 and 33.
33
Calculate the greatest common factor of 206 and 4582616.
2
Calculate the highest common factor of 23709 and 698851.
1129
Calculate the highest common factor of 2513157 and 913.
83
Calculate the highest common divisor of 29838 and 594.
6
What is the highest common factor of 4839 and 1455?
3
Calculate the greatest common factor of 20392 and 201304.
8
What is the greatest common factor of 156 and 1842256?
52
Calculate the highest common factor of 1794 and 19959446.
598
What is the highest common factor of 444 and 323527926?
222
Calculate the greatest common factor of 56445565 and 35.
5
Calculate the greatest common divisor of 12 and 52544457.
3
Calculate the highest common divisor of 43718678 and 1193.
1193
What is the highest common factor of 57235 and 3295?
5
What is the greatest common factor of 10161 and 239196714?
3387
Calculate the greatest common divisor of 49 and 64166137.
49
What is the highest common factor of 11446 and 847215751?
5723
What is the greatest common divisor of 60053 and 203285?
373
What is the greatest common factor of 103044894 and 10464?
654
Calculate the highest common factor of 253 and 181217.
23
What is the greatest common factor of 398250 and 620?
10
What is the greatest common divisor of 652974 and 3626?
98
What is the highest common divisor of 2952 and 2237072?
8
Calculate the greatest common divisor of 43 and 129608837.
43
What is the highest common divisor of 143171964 and 897?
897
What is the greatest common divisor of 46683 and 42132636?
2457
What is the highest common divisor of 8796 and 44544?
12
Calculate the greatest common factor of 368 and 16396792.
184
Calculate the greatest common divisor of 2809841 and 8487.
23
Calculate the highest common factor of 2120 and 1625110.
10
Calculate the greatest common factor of 1872 and 1015326.
234
What is the greatest common divisor of 428963 and 1834223?
211
Calculate the greatest common factor of 302785 and 51373.
287
Calculate the greatest common divisor of 1880 and 69881480.
1880
What is the highest common divisor of 810103 and 1216?
19
What is the highest common divisor of 7736 and 265136?
8
What is the highest common factor of 4544 and 249792?
64
Calculate the greatest common divisor of 18 and 369214482.
6
What is the highest common factor of 16419285 and 27?
9
Calculate the greatest common factor of 707808 and 22296.
24
What is the greatest common factor of 50451 and 2982840?
201
Calculate the highest common factor of 24646362 and 137904.
1326
What is the highest common factor of 189 and 38504970?
189
What is the highest common factor of 8588 and 96346625?
2147
What is the greatest common factor of 68 and 1769411?
17
What is the greatest common divisor of 420 and 43474620?
420
What is the greatest common divisor of 1531551 and 42?
21
Calculate the highest common divisor of 3 and 201871041.
3
What is the highest common divisor of 184344 and 177504?
24
What is the greatest common factor of 2628 and 685689?
219
Calculate the greatest common factor of 4794 and 647754.
282
What is the greatest common factor of 540253798 and 4144?
518
What is the highest common divisor of 13059090 and 330?
330
What is the greatest common factor of 17226 and 2453572?
22
What is the greatest common divisor of 561821 and 77039?
1879
Calculate the greatest common divisor of 2246231 and 104.
13
Calculate the highest common divisor of 960 and 59808.
96
Calculate the highest common factor of 548 and 1357956604.
548
What is the highest common factor of 322812732 and 22?
22
What is the greatest common divisor of 188156342 and 176?
22
What is the highest common factor of 903536 and 5416?
8
Calculate the highest common factor of 63142783 and 55.
11
Calculate the highest common divisor of 268502928 and 144.
48
What is the greatest common factor of 1825890 and 45?
15
Calculate the greatest common factor of 216250 and 13117500.
1250
What is the highest common divisor of 64624 and 17584?
112
What is the highest common divisor of 1380 and 103525185?
345
What is the highest common divisor of 27426 and 238?
14
What is the highest common factor of 18886866 and 436?
218
What is the greatest common divisor of 475756155 and 630?
315
What is the highest common divisor of 1826 and 73900046?
1826
What is the greatest common factor of 9 and 83385333?
9
Calculate the greatest common factor of 847 and 1968197.
77
What is the greatest common divisor of 85467 and 392646?
93
What is the highest common divisor of 5502891 and 10946?
421
Calculate the highest common divisor of 400 and 59856400.
400
What is the highest common factor of 236596530 and 20760?
5190
What is the highest common divisor of 522 and 576689418?
522
Calculate the greatest common factor of 5076 and 260192.
188
What is the greatest common factor of 1446533 and 78859?
1177
Calculate the highest common divisor of 38 and 1667516.
38
Calculate the greatest common factor of 2442 and 60353142.
222
Calculate the greatest common divisor of 255849176 and 4520.
904
What is the greatest common divisor of 279313349 and 119?
119
Calculate the highest common factor of 24784983 and 9.
9
What is the greatest common factor of 20056 and 57474392?
872
What is the greatest common divisor of 325208 and 4487717?
767
What is the greatest common divisor of 236 and 53499784?
236
What is the greatest common divisor of 225828205 and 4920?
205
Calculate the highest common factor of 180 and 460936620.
180
What is the greatest common divisor of 3107713 and 1280132?
917
Calculate the highest common divisor of 338 and 136833892.
338
Calculate the highest common divisor of 847078 and 2738.
74
Calculate the highest common divisor of 42117 and 4150191.
303
Calculate the highest